divided by 8.
4
Let z(y) = -3*y**2 + 18*y - 4. Let p be z(7). Suppose -4*l - 6 = 2*x + 3*x, -10 = -2*l + 4*x. What is the remainder when p*l*-3 + (-7 - -5) is divided by 19?
16
Suppose 0 = 2*l + 10, 0*l - l - 21 = -h. Let d = 986 - 1064. What is the remainder when d/(-10)*-6*(-65)/39 is divided by h?
14
Suppose 3*p = -2*d + 80, -2*p + 2492 - 2416 = 2*d. Calculate the remainder when 1118 is divided by d.
30
Calculate the remainder when 100 is divided by (21 - 38 - 70)/((-3)/2).
42
Suppose 5*q + 2*w - 1160 = 0, 0 = -75*q + 71*q + 5*w + 928. Calculate the remainder when q is divided by 105.
22
Let a(q) = 2*q**3 + 17*q**2 + 8*q + 7. Let d be a(-8). What is the remainder when 27 is divided by 11/((28/d)/4)?
5
Let k = 30 + -27. Suppose -3 = k*i, -2*j + 3*i + 12 = j. Suppose -4*v = -4*b + 196, -j*b + b + 97 = -3*v. Calculate the remainder when b is divided by 18.
14
Suppose -2*p = 3048 - 5614. What is the remainder when p is divided by 12?
11
Let q = -23 - -53. Let h be (-61)/(2/6 - 2/3). Suppose -2*y + h = -51. Calculate the remainder when y is divided by q.
27
Suppose 0*q - 5*q = 10, -203 = -5*a + 4*q. Let l = -37 + a. Suppose 4*u = -5*n + 140, -154 = -5*u - l*n + 21. Calculate the remainder when u is divided by 9.
8
Suppose 3*w - 2*y = y + 195, -4*y - 12 = 0. What is the remainder when 306 is divided by w?
58
Let u = -247 - -738. Suppose 3*p - 150 = -2*z + 38, -5*z + u = -3*p. Calculate the remainder when z is divided by 19.
2
Suppose -144*v + 159*v - 16365 = 0. What is the remainder when v is divided by 18?
11
Let i(r) = -r**3 - 4*r**2 - 7*r - 5. Let f = 866 - 855. What is the remainder when i(-6) is divided by f?
10
Suppose i + 174*c - 51 = 178*c, -3*i - c = -62. Let z = 488 - 313. What is the remainder when z is divided by i?
14
Let k(w) = 9*w + 9. Let v be k(-7). Let f = -50 - v. Suppose a + 114 = f*a. What is the remainder when a is divided by 13?
12
Suppose -3*y + 298 + 167 = 0. Suppose 0*b = 2*x + 5*b - y, 5*x + 4*b - 362 = 0. Calculate the remainder when x is divided by 18.
16
Let t be (3*-38)/((-24)/(-16)). Let w = 111 + t. Calculate the remainder when 85 is divided by w.
15
Suppose 4*s = 4*f + 76, 4*f + 4*s - 14 + 50 = 0. Let u(y) = -y + 31. Let o be u(f). Suppose 4*d - 31 = o. What is the remainder when 110 is divided by d?
15
Suppose -18*s + 16*s - 15 = 3*v, 0 = -3*s - 3*v - 15. Suppose 22*f - 16*f - 24 = s. What is the remainder when 30 is divided by f?
2
Let y = 331 + -166. Let m(r) = 4*r + 66. Calculate the remainder when y is divided by m(-8).
29
What is the remainder when 2279 is divided by 822/42 + 150/105?
11
Let d(j) = 15*j + 9. Let l(k) = -16*k - 14. Let u(y) = 7*d(y) + 6*l(y). What is the remainder when 61 is divided by u(5)?
13
Let k be (1/(-2))/((-3)/12). Suppose 5*r + t + k - 95 = 0, -2*t - 4 = 0. Let q = 27 - -41. What is the remainder when q is divided by r?
11
Let u be (-6)/(-4)*540/3. Suppose -2*o - u = -5*q - 7*o, -2*o = -q + 42. Calculate the remainder when 496 is divided by q.
46
Suppose 9*r - 12*r + 3*q = -54, 4*r - 16 = -4*q. Calculate the remainder when 370 is divided by r.
7
Let k = -8 - 2. Let x be ((-5)/k)/((-1)/(-28)). Let u = 23 - x. What is the remainder when 24 is divided by u?
6
Suppose 0 = -z, 3*u - u - 5*z + 0*z = 66. Suppose 0 = -2*c + 6*c - 428. What is the remainder when c is divided by u?
8
Let h = -554 + -148. Let t = h + 725. What is the remainder when 436 is divided by t?
22
Let b(x) = -x**2 + 82*x - 769. What is the remainder when 1832 is divided by b(11)?
8
Let a(t) = t**3 - 10*t**2 + 8*t + 23. Let d(q) = 8*q**2 + 7*q + 20. Calculate the remainder when d(-2) is divided by a(9).
10
Let r be (-6)/((-48)/88)*37. Let w = r - 384. Calculate the remainder when 50 is divided by w.
4
Let g(n) = n**3 + 4*n**2 + 2*n - 1. Let a = -1627 + 1641. What is the remainder when a is divided by g(-2)?
2
Let j = -61 - -90. Suppose -349 + 111 = 2*b. Let u = b + 200. Calculate the remainder when u is divided by j.
23
Let p(t) = -14*t - 170. Let y be p(-12). Calculate the remainder when 48 is divided by -20*((-7)/y)/(-7).
8
Let c(o) = -9*o**2 - o**3 + 28*o**2 + 39 - 35*o + 0*o**2. Calculate the remainder when 38 is divided by c(17).
16
Let z(u) = 2*u**3 + 49*u**2 + 25*u + 34. Let w be z(-24). Let c = w - 8. Suppose -c*d = -26 - 192. Calculate the remainder when d is divided by 28.
25
Let u = 532 + -378. Suppose 977*q - 970*q - u = 0. Calculate the remainder when q is divided by 8.
6
Suppose 7*x - 182 = -0*x. Suppose -40*o + 112 = -x*o. What is the remainder when 43 is divided by o?
3
Suppose 3*u + 2*d = -40, 4*u + 4*d - 12 = -60. What is the remainder when (1 + (-712)/u)*(-60)/(-21) is divided by 12?
10
Suppose -2*s + 5 = 3. Let z be 518/(-18) - s - 20/90. Let f = z - -54. What is the remainder when 68 is divided by f?
20
Let m(y) = y**3 - 13*y**2 + 29*y + 16. Let c be m(11). Suppose 31*z = -c + 2170. What is the remainder when z is divided by 18?
13
Let i = -4952 + 4956. Calculate the remainder when 1198 is divided by i.
2
Suppose -9*i - 5*c + 124 = -6*i, i + 4*c - 46 = 0. Suppose 0 = 5*l - 0*l - 110. What is the remainder when i is divided by l?
16
Suppose -2*n + 3*n + h - 7 = 0, 5*h = 5*n - 65. Suppose -26*k = -28*k + n. Calculate the remainder when 30 is divided by k.
0
Let g = 5212 + -3086. What is the remainder when g is divided by 15?
11
Let q = -30905 - -31364. What is the remainder when q is divided by 149?
12
Let j be 280*(-8)/10*15/(-30). Suppose -j = -3*y + 2*x, -y - 145 = -6*y - 5*x. What is the remainder when 133 is divided by y?
31
Suppose 0 = -0*q + q - 3*f - 11, 3*q + 3 = -3*f. Suppose -c - 4 = -2*n, 4*c + q = 3*n - 9. Calculate the remainder when c*((0 - 1) + 0) is divided by 2.
0
Let k be 6/(-63)*-7*18. Let y(j) = 4*j - 47 + 2*j + 4 + j. Calculate the remainder when y(k) is divided by 11.
8
Suppose 324 = 3*w - 12*w. Let n = -98 - w. Calculate the remainder when n/(-2 - (-2 - -1)) is divided by 9.
8
Let n = 145 + -91. Suppose -2*s + 2*h + 8 = -0*h, -5*s = -h - 28. What is the remainder when n is divided by 16/s*168/32?
12
Suppose 0*m + 25 = m. Let l(i) = -147*i - 720. What is the remainder when m is divided by l(-5)?
10
Let q = 130853 + -130816. Suppose -t + 290 = t. What is the remainder when t is divided by q?
34
Suppose -3*u + 13 = 2*r - 30, -3*r + 2*u = -71. What is the remainder when 333 is divided by r?
11
Let h(m) = -m**2 - 73*m + 1783. What is the remainder when 627 is divided by h(19)?
32
Let t(u) = -6*u - 89. Let b be t(-16). Suppose 5*r = 3*q - 160, -2*r + b*r = -4*q + 190. Calculate the remainder when q is divided by 18.
14
Let m be (-4 + 4)*(-6 - -5). Suppose m = 4*s - 381 - 111. Calculate the remainder when s is divided by 31.
30
What is the remainder when ((-146922)/(-1692))/((-273)/(-90) - 3) is divided by 33?
31
Let m(u) = 175*u + 1762. What is the remainder when 6610 is divided by m(-10)?
10
Let q(j) = -j**2 - 10*j - 10. Let r be q(-11). Let u = r + 22. Suppose -c + 5 = 0, -c + u = -4*d + 72. Calculate the remainder when d is divided by 12.
7
Let i = -178 + 262. Let y = i - 112. Let k = y - -54. Calculate the remainder when k is divided by 15.
11
Calculate the remainder when (204/(-30) - -7)*10*206/1 is divided by 102.
4
Suppose 0 = 7*a - 26 - 2. Suppose -a*i + 2*i = -130. Calculate the remainder when 257 is divided by i.
62
Suppose 84*p + 10 = 89*p. Let n(c) = -c**3 + 7*c**2 - 5*c. What is the remainder when -2 + 0/p + 17 is divided by n(6)?
3
Let n = 12736 - 11411. Calculate the remainder when n is divided by 26.
25
Suppose 0*w - 3*w + 105 = 0. Calculate the remainder when -172 + 170 - (-38 - -2)*37/2 is divided by w.
34
Suppose -3*u + 3*r + 66 = 0, 4*u = -3*r + 10*r + 73. What is the remainder when 941 is divided by u?
23
Let q be (-2 - -4 - -2)*(13 - -3). Suppose -56*h = -q*h + 544. What is the remainder when h is divided by 23?
22
Suppose o + 1 = 6, -90 = -4*m - 2*o. Let t = 20 - m. Suppose t = -6*x + 29 + 13. Calculate the remainder when x is divided by 3.
1
Suppose 3*j - 91 - 38 = 0. Let p = j - 40. Suppose -2*w + 23 = -3*v, 4*w + p*v + 6 = 25. What is the remainder when 26 is divided by w?
5
Calculate the remainder when 12/(2 - 14)*(-488 + 2 + -5) is divided by 9.
5
Let q = 57 - 50. Suppose -2 = k + 3*o + o, k - 5*o - q = 0. Suppose 0 = -3*i + 4*y + 48, k*i = -y + 3*y +